prime factors of x(i).
5
Let y be (-2 + 0)*(-2)/(-7 + 5). Let w be y*(676/8 + -1) - 3. Let d = -89 - w. List the prime factors of d.
3
Let r(j) = 2*j + 33. Let x be r(-14). Let h be -5 + 2/1 - (x - 77). Let a = 176 - h. What are the prime factors of a?
107
Let p(u) = 131*u + 114*u**3 + 8 + 3*u**2 - 58*u**3 - 141*u. What are the prime factors of p(2)?
2, 7
Let y(t) = 12 + 2*t**3 + 3*t + 10 + 5*t - t**3 + 9*t**2. Let z be y(-9). Let b = z - -117. List the prime factors of b.
67
Let r = 381 + -95. Let i be (-1 - r/8)*128/(-48). Suppose 5*y = -i + 473. What are the prime factors of y?
3, 5
Let x(l) = 2*l**3 - 33*l**2 - 61*l - 70. List the prime factors of x(19).
2, 3
Suppose 11 = 4*t - q, 7*t - 3*t - 5*q = 7. Suppose -2*x - 5*h - 70 = t*x, 10 = -5*h. What are the prime factors of (-1017)/x + -2 - 2/(-8)?
83
Suppose -9*f + 60 = 6*f. Suppose 0 = -2*u - f*i + 1120, 8*u - 5*u + 3*i = 1671. List the prime factors of u.
2, 277
Let c(i) = 234*i**3 + 2*i**2 - 2*i + 1. Let y be c(1). Let w = 67 + -38. Suppose 5*r - y = 5*f, r + 9*f - 4*f = w. What are the prime factors of r?
2, 11
Let p(s) = -6*s**3 - 5*s**2 - 4*s + 2. Suppose 0 = 3*h + 4*r - 4, 5*r - 2 = 18. What are the prime factors of p(h)?
2, 7, 23
Let i be (-58)/(-15) + -1 + (-2)/(-15). Suppose -i*f - 6 + 12 = 0. Suppose 5*p - 10 = 0, -4*p - 226 = -f*r - 3*p. List the prime factors of r.
2, 3, 19
Suppose 3*u = 3*a + 3366, -6*a + 3360 = 3*u - 11*a. Suppose 3*p = -2*j + 3248, 3*p - u - 2095 = 5*j. What are the prime factors of p?
2, 3, 5
Let s = 7370 - 6830. List the prime factors of s.
2, 3, 5
Let s(w) = -698*w + 740. What are the prime factors of s(-5)?
2, 3, 5, 47
Let v(z) = 52*z + 108. Suppose 2*r + 2*t - 34 = 0, 2*r - 5*t - 3 - 3 = 0. List the prime factors of v(r).
2, 7
Let w(p) = 2*p - 16. Let b be w(3). What are the prime factors of 5 + -1 - (-476 + 8 + b)?
2, 241
Let r(w) = 19 - 94*w + 131*w + 180*w. What are the prime factors of r(2)?
3, 151
Let p = -179 - -182. List the prime factors of 113 + (-1 - p)/(4/4).
109
List the prime factors of (-54)/(-837) + (-534275)/(-155).
3, 383
Let b(s) = -s**3 + 26*s**2 + 24*s + 91. Let g be b(27). Suppose -23526 = -28*r + g*r. List the prime factors of r.
1307
Let g(q) = -13*q**3 + 12*q**3 + 5*q - 3*q + 1 - 2. Let o be g(-2). Suppose -o*i = i - 232. List the prime factors of i.
2, 29
Let u = 3 + -2. Let g(m) = -12*m**2 + 19*m + 15. Let w be g(2). What are the prime factors of 45*(u - -4) - w?
2, 5, 11
Suppose -3*l = 4*s - 240403, 1551*s = 1548*s + 2*l + 180298. List the prime factors of s.
2, 5, 601
Let l be 44/(-6)*18/12. Let j(t) = -23*t + 49. What are the prime factors of j(l)?
2, 151
Let o(s) = -9*s**2 + 4. Let g(m) = -1. Let x(l) = -4*g(l) - o(l). What are the prime factors of x(-6)?
2, 3
Let s(p) = -5 - p - 1 - 3 + p**3 + 5*p**2 + 0. Let b be s(-4). Suppose b*i - 340 = 122. List the prime factors of i.
2, 3, 7
Suppose 4*b - 37493 = -5*b + 293950. List the prime factors of b.
7, 5261
Suppose 5*r = 3*q - 299, 3*r + 0*r = -5*q + 555. Let a = q - -89. What are the prime factors of a?
197
Suppose -4*x - 52994 = -3*k, -3*k + 12*x - 7*x + 52999 = 0. List the prime factors of k.
2, 3, 109
Suppose -3*g = 4*w - 18840, -5*g + 4*w - 2*w = -31374. List the prime factors of g.
2, 3, 523
Let b(m) = 13*m**2 + 2*m + 4. Let t(h) be the third derivative of -h**5/60 - 7*h**4/24 - 7*h**3/3 - 2*h**2. Let g be t(-4). List the prime factors of b(g).
2, 13
Suppose 15 = -3*a + 3. List the prime factors of (-23355)/(-35) + a + 52/14.
23, 29
Let a be (-10)/(-115) - 93*2/23. What are the prime factors of 5 + -1 + 1354 + a?
2, 3, 5
Let k(x) = -2*x + 16. Let q be k(6). Let c be 0/16*(1 - 0/2). Suppose -q*a + 156 + 24 = c. What are the prime factors of a?
3, 5
Let h(b) be the third derivative of 13*b**4/12 + 3*b**3/2 + 9*b**2 - 5. What are the prime factors of h(11)?
5, 59
Suppose 38*j - 26136 = -5*k + 37*j, 10452 = 2*k - 2*j. List the prime factors of k.
5227
Suppose -6*f + 2*t + 193566 = 0, -4*f + t + 11055 = -117988. List the prime factors of f.
2, 5, 1613
Let q(s) = 23*s**2 + 28*s + 2. Let d be q(-7). Suppose 0 = -7*a + 2*a + 3*o + 2335, -2*a + o = -d. List the prime factors of a.
2, 29
Suppose 682 = 83*v - 81*v. Let q = v - 201. What are the prime factors of q?
2, 5, 7
Let r = -152 - -82. Let q = r + 74. Suppose 2*w + 2*y = -0*y + 80, y + 135 = q*w. List the prime factors of w.
5, 7
Let n = 140623 + -77590. What are the prime factors of n?
3, 21011
Suppose 0 = -25*p + 67576 + 4549. What are the prime factors of p?
5, 577
Let r(x) = 2*x + 43. Let b be r(-10). Let n(f) = 5*f**2 - 48*f - 80. What are the prime factors of n(b)?
3, 487
Suppose -14*f + 6057 + 3701 = 0. What are the prime factors of f?
17, 41
Let p = -460 + 778. Let x = p - 112. List the prime factors of x.
2, 103
Let h(i) = -882*i**2 + 35*i + 39. Let w(y) = 588*y**2 - 23*y - 26. Let l(a) = -5*h(a) - 7*w(a). List the prime factors of l(-1).
5, 59
Let i = -121 + 124. Let s be ((-12)/5)/((-6)/15). Suppose -i*g = 12, 5*a - g + s*g = 120. List the prime factors of a.
2, 7
Suppose 128*c - 137*c + 4257 = 0. Let r = c - 401. List the prime factors of r.
2, 3
Let d(s) = 2506*s**2 - 114*s - 2. List the prime factors of d(-1).
2, 7, 11, 17
Suppose 2*x - 33124 = -3*k, 3*k - 5*x - 13595 = 19494. List the prime factors of k.
2, 5519
Suppose 3*q = 5*l - 2306, -501 = -2*l + 3*q + 425. What are the prime factors of 7/42*6 + l?
461
List the prime factors of ((-48)/(-36))/(417380/1043325 + (-2)/5).
2, 3, 4637
Let k be 0/(-1) - -2*132. Suppose k = -12*c - 0*c. Let f = 112 + c. What are the prime factors of f?
2, 3, 5
Let w(z) = z**3 - 41*z**2 + 94*z - 2242. List the prime factors of w(48).
2, 9199
Suppose -5*w - 7 = c, -2*w = -13*c + 8*c - 8. List the prime factors of (w + 8185/10)/((-1)/(-2)).
3, 5, 109
Let k = -19 - -36. Suppose 5*q = -5*x + 30, -7 - 2 = -3*x. Suppose -q*g + k = -10. List the prime factors of g.
3
Let w = -1040 + 643. Let y = w - -748. What are the prime factors of y?
3, 13
Let r be (-92)/(2/4*-1). Let a be (-16 + -6)/((-10)/55). Let n = r - a. List the prime factors of n.
3, 7
Let h be 1793 - ((-16)/(-24))/((-3)/(-27)). Suppose -6*p = -j - 7*p + 599, 2*p = 3*j - h. List the prime factors of j.
3, 199
Let h be (-1 + -1 + 1)/((-12)/348). Suppose -9*o = -452 + h. What are the prime factors of o?
47
Let f(q) = 5*q**3 + 2*q**2 - 6*q - 10. Let i(v) = -9*v**3 - 5*v**2 + 12*v + 21. Let t(k) = -5*f(k) - 2*i(k). What are the prime factors of t(-2)?
2, 13
What are the prime factors of (-10)/15*(-9162)/(4/2)?
2, 3, 509
What are the prime factors of 6/4*2 - (25 - (5638 - -7))?
5623
Let s be (-3)/(-5) - 9/15. Let x be (-5 - 8)*(2 - s). What are the prime factors of 12/10*(-715)/x?
3, 11
Let l(j) = 12*j - 1. Let v be l(-1). Let o = v + 25. List the prime factors of (-16)/o*-105 + (3 - 3).
2, 5, 7
Let c = 8 - 5. Suppose -81 = -2*u + 4*g - c*g, 0 = 5*u + 5*g - 180. Suppose 153 = p - u. List the prime factors of p.
2, 3
Suppose -i + 2*k + 5069 = 0, 20905 = 5*i + 4*k - 4370. What are the prime factors of i?
5059
Let l(s) = s**3 + 3*s**2 - s. Let k be l(-3). Let n be 66/88*12*18. Suppose 24 = -k*u + n. List the prime factors of u.
2, 23
List the prime factors of (10/((-240)/18) + 789/12)*239.
5, 13, 239
Let s(n) = n**3 - 17*n**2 - 14*n + 19. Let c be 57/(-2) - (-9)/(-18). Let d = c + 47. List the prime factors of s(d).
7, 13
What are the prime factors of (1 + -11900)*(-29 - (9 - 32))?
2, 3, 73, 163
Suppose 0 = 144*b - 1289242 + 27226. List the prime factors of b.
2, 7, 313
Suppose 1060 = p - 3*d, -4*d + 2*d = -3*p + 3166. Let n = 1709 - p. List the prime factors of n.
5, 131
Let d(k) = -138*k. Let f(s) = 137*s - 1. Let i(m) = 5*d(m) + 4*f(m). List the prime factors of i(-2).
2, 5, 7
Let r be (284/5)/(28/(-770)). Let y = r + 2238. List the prime factors of y.
2, 13
Let s(x) = 5510*x**2 - 54*x - 23. What are the prime factors of s(2)?
3, 67, 109
Let f(v) = -338*v + 3. List the prime factors of f(-25).
79, 107
Let h(l) = 136*l - 12. Let m be h(3). Let b = 656 - m. List the prime factors of b.
2, 5, 13
Let x = -157 - -162. Suppose x*h - 5445 = q, 3*q - 2560 = -5*h + 2865. What are the prime factors of h?
2, 17
Suppose 5*i - 328 = -3*y, 5*i - 3*i - 131 = -y. Suppose -2*l - 3*l - 5*q = -i, 5*l - 41 = 3*q. Suppose -10 = -4*x + l. List the